{"id":15,"date":"2017-11-11T17:44:22","date_gmt":"2017-11-11T16:44:22","guid":{"rendered":"http:\/\/www.horak-it.at\/?page_id=15"},"modified":"2025-06-17T18:50:11","modified_gmt":"2025-06-17T16:50:11","slug":"startseite","status":"publish","type":"page","link":"https:\/\/www.horak-it.at\/","title":{"rendered":"Startseite"},"content":{"rendered":"\r\n<table border=\"0\">\r\n<tbody>\r\n<tr>\r\n<td><strong><span style=\"color: #339966;\">IT\u2011Support<\/span> <span style=\"color: #339966;\">Fernwartung<\/span><\/strong><\/td>\r\n<td><strong><span style=\"color: #339966;\">Netzwerke<\/span> <span style=\"color: #339966;\">Server<\/span><\/strong><\/td>\r\n<td><span style=\"color: #339966;\"><strong>Software &amp; Sicherheit<\/strong><\/span><\/td>\r\n<\/tr>\r\n<\/tbody>\r\n<\/table>\r\n<p>&nbsp;<\/p>\r\n<p><strong>HORAK\u2011IT \u2013 Ihre IT in besten H\u00e4nden<\/strong><\/p>\r\n<p>Wir unterst\u00fctzen kleine und mittlere Unternehmen mit zuverl\u00e4ssigen IT-L\u00f6sungen \u2013 pers\u00f6nlich, unkompliziert und auf Augenh\u00f6he.<\/p>\r\n<p>Ob Netzwerk, Server, Software oder Sicherheit: Wir k\u00fcmmern uns um Ihre IT, damit Sie sich ganz auf Ihr Business konzentrieren k\u00f6nnen.<\/p>\r\n<p>&nbsp;<\/p>\r\n<p><strong>Unsere Leistungen im \u00dcberblick:<\/strong><\/p>\r\n<ul>\r\n<li><strong>IT-Betreuung &amp; Support:<\/strong> Wartung, rasche Hilfe bei Problemen \u2013 per Fernwartung oder direkt vor Ort.<\/li>\r\n<li><strong>Netzwerke &amp; Server:<\/strong> Planung, Einrichtung und Absicherung Ihrer IT-Infrastruktur.<\/li>\r\n<li><strong>Software &amp; individuelle L\u00f6sungen:<\/strong> Von Standardprogrammen bis zu ma\u00dfgeschneiderten Anwendungen.<\/li>\r\n<li><strong>Datensicherheit &amp; Datenschutz:<\/strong> DSGVO, Firewall, Backups \u2013 damit Ihre Daten gesch\u00fctzt sind.<\/li>\r\n<\/ul>\r\n<p>&nbsp;<\/p>\r\n<p><em>Weil EDV kein \u00c4rgernis sein muss \u2013 sondern ein Werkzeug, das einfach funktioniert.<\/em><\/p>\r\n<p>&nbsp;<\/p>\r\n<p><strong>\ud83d\udcde Kontaktieren Sie uns f\u00fcr ein unverbindliches Erstgespr\u00e4ch:<\/strong><br \/>Telefon: +43 650 567 8378<br \/>E-Mail: support@horak-it.at<\/p>\r\n<p>&nbsp;<\/p>","protected":false},"excerpt":{"rendered":"<p>IT\u2011Support Fernwartung Netzwerke Server Software &amp; Sicherheit &nbsp; HORAK\u2011IT \u2013 Ihre IT in besten H\u00e4nden Wir unterst\u00fctzen kleine und mittlere Unternehmen mit zuverl\u00e4ssigen IT-L\u00f6sungen \u2013 pers\u00f6nlich, unkompliziert und auf Augenh\u00f6he. Ob Netzwerk, Server, Software oder Sicherheit: Wir k\u00fcmmern uns um<\/p>\n","protected":false},"author":1,"featured_media":0,"parent":0,"menu_order":0,"comment_status":"closed","ping_status":"closed","template":"","meta":{"footnotes":""},"class_list":["post-15","page","type-page","status-publish","hentry"],"yoast_head":"<!-- This site is optimized with the Yoast SEO plugin v27.5 - https:\/\/yoast.com\/product\/yoast-seo-wordpress\/ -->\n<title>Startseite - HORAK-IT.at<\/title>\n<meta name=\"robots\" content=\"index, follow, max-snippet:-1, max-image-preview:large, max-video-preview:-1\" \/>\n<link rel=\"canonical\" href=\"https:\/\/www.horak-it.at\/\" \/>\n<meta property=\"og:locale\" content=\"de_DE\" \/>\n<meta property=\"og:type\" content=\"article\" \/>\n<meta property=\"og:title\" content=\"Startseite - HORAK-IT.at\" \/>\n<meta property=\"og:description\" content=\"IT\u2011Support Fernwartung Netzwerke Server Software &amp; Sicherheit &nbsp; HORAK\u2011IT \u2013 Ihre IT in besten H\u00e4nden Wir unterst\u00fctzen kleine und mittlere Unternehmen mit zuverl\u00e4ssigen IT-L\u00f6sungen \u2013 pers\u00f6nlich, unkompliziert und auf Augenh\u00f6he. Ob Netzwerk, Server, Software oder Sicherheit: Wir k\u00fcmmern uns um\" \/>\n<meta property=\"og:url\" content=\"https:\/\/www.horak-it.at\/\" \/>\n<meta property=\"og:site_name\" content=\"HORAK-IT.at\" \/>\n<meta property=\"article:publisher\" content=\"https:\/\/www.facebook.com\/HorakIT\" \/>\n<meta property=\"article:modified_time\" content=\"2025-06-17T16:50:11+00:00\" \/>\n<meta name=\"twitter:card\" content=\"summary_large_image\" \/>\n<meta name=\"twitter:label1\" content=\"Gesch\u00e4tzte Lesezeit\" \/>\n\t<meta name=\"twitter:data1\" content=\"1\u00a0Minute\" \/>\n<script type=\"application\/ld+json\" class=\"yoast-schema-graph\">{\"@context\":\"https:\\\/\\\/schema.org\",\"@graph\":[{\"@type\":\"WebPage\",\"@id\":\"https:\\\/\\\/www.horak-it.at\\\/\",\"url\":\"https:\\\/\\\/www.horak-it.at\\\/\",\"name\":\"Startseite - HORAK-IT.at\",\"isPartOf\":{\"@id\":\"https:\\\/\\\/www.horak-it.at\\\/#website\"},\"datePublished\":\"2017-11-11T16:44:22+00:00\",\"dateModified\":\"2025-06-17T16:50:11+00:00\",\"breadcrumb\":{\"@id\":\"https:\\\/\\\/www.horak-it.at\\\/#breadcrumb\"},\"inLanguage\":\"de\",\"potentialAction\":[{\"@type\":\"ReadAction\",\"target\":[\"https:\\\/\\\/www.horak-it.at\\\/\"]}]},{\"@type\":\"BreadcrumbList\",\"@id\":\"https:\\\/\\\/www.horak-it.at\\\/#breadcrumb\",\"itemListElement\":[{\"@type\":\"ListItem\",\"position\":1,\"name\":\"Startseite\",\"item\":\"https:\\\/\\\/www.horak-it.at\\\/\"},{\"@type\":\"ListItem\",\"position\":2,\"name\":\"Startseite\"}]},{\"@type\":\"WebSite\",\"@id\":\"https:\\\/\\\/www.horak-it.at\\\/#website\",\"url\":\"https:\\\/\\\/www.horak-it.at\\\/\",\"name\":\"HORAK-IT.at\",\"description\":\"Weil EDV kein \u00c4rgernis sein muss \u2013 sondern ein Werkzeug, das einfach funktioniert.\",\"publisher\":{\"@id\":\"https:\\\/\\\/www.horak-it.at\\\/#organization\"},\"potentialAction\":[{\"@type\":\"SearchAction\",\"target\":{\"@type\":\"EntryPoint\",\"urlTemplate\":\"https:\\\/\\\/www.horak-it.at\\\/?s={search_term_string}\"},\"query-input\":{\"@type\":\"PropertyValueSpecification\",\"valueRequired\":true,\"valueName\":\"search_term_string\"}}],\"inLanguage\":\"de\"},{\"@type\":\"Organization\",\"@id\":\"https:\\\/\\\/www.horak-it.at\\\/#organization\",\"name\":\"HORAK-IT\",\"url\":\"https:\\\/\\\/www.horak-it.at\\\/\",\"logo\":{\"@type\":\"ImageObject\",\"inLanguage\":\"de\",\"@id\":\"https:\\\/\\\/www.horak-it.at\\\/#\\\/schema\\\/logo\\\/image\\\/\",\"url\":\"https:\\\/\\\/www.horak-it.at\\\/wp-content\\\/uploads\\\/2018\\\/02\\\/cropped-Horak-IT-Icon-500px_V2.png\",\"contentUrl\":\"https:\\\/\\\/www.horak-it.at\\\/wp-content\\\/uploads\\\/2018\\\/02\\\/cropped-Horak-IT-Icon-500px_V2.png\",\"width\":516,\"height\":452,\"caption\":\"HORAK-IT\"},\"image\":{\"@id\":\"https:\\\/\\\/www.horak-it.at\\\/#\\\/schema\\\/logo\\\/image\\\/\"},\"sameAs\":[\"https:\\\/\\\/www.facebook.com\\\/HorakIT\"]}]}<\/script>\n<!-- \/ Yoast SEO plugin. -->","yoast_head_json":{"title":"Startseite - HORAK-IT.at","robots":{"index":"index","follow":"follow","max-snippet":"max-snippet:-1","max-image-preview":"max-image-preview:large","max-video-preview":"max-video-preview:-1"},"canonical":"https:\/\/www.horak-it.at\/","og_locale":"de_DE","og_type":"article","og_title":"Startseite - HORAK-IT.at","og_description":"IT\u2011Support Fernwartung Netzwerke Server Software &amp; Sicherheit &nbsp; HORAK\u2011IT \u2013 Ihre IT in besten H\u00e4nden Wir unterst\u00fctzen kleine und mittlere Unternehmen mit zuverl\u00e4ssigen IT-L\u00f6sungen \u2013 pers\u00f6nlich, unkompliziert und auf Augenh\u00f6he. Ob Netzwerk, Server, Software oder Sicherheit: Wir k\u00fcmmern uns um","og_url":"https:\/\/www.horak-it.at\/","og_site_name":"HORAK-IT.at","article_publisher":"https:\/\/www.facebook.com\/HorakIT","article_modified_time":"2025-06-17T16:50:11+00:00","twitter_card":"summary_large_image","twitter_misc":{"Gesch\u00e4tzte Lesezeit":"1\u00a0Minute"},"schema":{"@context":"https:\/\/schema.org","@graph":[{"@type":"WebPage","@id":"https:\/\/www.horak-it.at\/","url":"https:\/\/www.horak-it.at\/","name":"Startseite - HORAK-IT.at","isPartOf":{"@id":"https:\/\/www.horak-it.at\/#website"},"datePublished":"2017-11-11T16:44:22+00:00","dateModified":"2025-06-17T16:50:11+00:00","breadcrumb":{"@id":"https:\/\/www.horak-it.at\/#breadcrumb"},"inLanguage":"de","potentialAction":[{"@type":"ReadAction","target":["https:\/\/www.horak-it.at\/"]}]},{"@type":"BreadcrumbList","@id":"https:\/\/www.horak-it.at\/#breadcrumb","itemListElement":[{"@type":"ListItem","position":1,"name":"Startseite","item":"https:\/\/www.horak-it.at\/"},{"@type":"ListItem","position":2,"name":"Startseite"}]},{"@type":"WebSite","@id":"https:\/\/www.horak-it.at\/#website","url":"https:\/\/www.horak-it.at\/","name":"HORAK-IT.at","description":"Weil EDV kein \u00c4rgernis sein muss \u2013 sondern ein Werkzeug, das einfach funktioniert.","publisher":{"@id":"https:\/\/www.horak-it.at\/#organization"},"potentialAction":[{"@type":"SearchAction","target":{"@type":"EntryPoint","urlTemplate":"https:\/\/www.horak-it.at\/?s={search_term_string}"},"query-input":{"@type":"PropertyValueSpecification","valueRequired":true,"valueName":"search_term_string"}}],"inLanguage":"de"},{"@type":"Organization","@id":"https:\/\/www.horak-it.at\/#organization","name":"HORAK-IT","url":"https:\/\/www.horak-it.at\/","logo":{"@type":"ImageObject","inLanguage":"de","@id":"https:\/\/www.horak-it.at\/#\/schema\/logo\/image\/","url":"https:\/\/www.horak-it.at\/wp-content\/uploads\/2018\/02\/cropped-Horak-IT-Icon-500px_V2.png","contentUrl":"https:\/\/www.horak-it.at\/wp-content\/uploads\/2018\/02\/cropped-Horak-IT-Icon-500px_V2.png","width":516,"height":452,"caption":"HORAK-IT"},"image":{"@id":"https:\/\/www.horak-it.at\/#\/schema\/logo\/image\/"},"sameAs":["https:\/\/www.facebook.com\/HorakIT"]}]}},"jetpack_sharing_enabled":true,"jetpack_shortlink":"https:\/\/wp.me\/P9n7Cg-f","_links":{"self":[{"href":"https:\/\/www.horak-it.at\/index.php\/wp-json\/wp\/v2\/pages\/15","targetHints":{"allow":["GET"]}}],"collection":[{"href":"https:\/\/www.horak-it.at\/index.php\/wp-json\/wp\/v2\/pages"}],"about":[{"href":"https:\/\/www.horak-it.at\/index.php\/wp-json\/wp\/v2\/types\/page"}],"author":[{"embeddable":true,"href":"https:\/\/www.horak-it.at\/index.php\/wp-json\/wp\/v2\/users\/1"}],"replies":[{"embeddable":true,"href":"https:\/\/www.horak-it.at\/index.php\/wp-json\/wp\/v2\/comments?post=15"}],"version-history":[{"count":19,"href":"https:\/\/www.horak-it.at\/index.php\/wp-json\/wp\/v2\/pages\/15\/revisions"}],"predecessor-version":[{"id":196,"href":"https:\/\/www.horak-it.at\/index.php\/wp-json\/wp\/v2\/pages\/15\/revisions\/196"}],"wp:attachment":[{"href":"https:\/\/www.horak-it.at\/index.php\/wp-json\/wp\/v2\/media?parent=15"}],"curies":[{"name":"wp","href":"https:\/\/api.w.org\/{rel}","templated":true}]}}