{"id":68,"date":"2018-05-19T09:20:16","date_gmt":"2018-05-19T07:20:16","guid":{"rendered":"http:\/\/www.horak-it.at\/?page_id=68"},"modified":"2018-05-19T09:20:44","modified_gmt":"2018-05-19T07:20:44","slug":"68-2","status":"publish","type":"page","link":"https:\/\/www.horak-it.at\/index.php\/68-2\/","title":{"rendered":"Datenschutzerkl\u00e4rung"},"content":{"rendered":"<h6><strong>Cookies und \u00e4hnliche Technologien<br \/>\n<\/strong><\/h6>\n<div>Ich nutze interne Cookies, um meine Webseite nutzerfreundlicher zu gestalten. Sie erkl\u00e4ren sich durch die Nutzung der Seite ausdr\u00fccklich, in die Setzung von Cookies einzuwilligen. Wenn Sie dies nicht w\u00fcnschen, k\u00f6nnen Sie Ihren Browser entweder so einrichten, dass er Sie \u00fcber das Erstellen von Cookies informiert. Weiters gibt es die M\u00f6glichkeit ihren Browser so einzustellen, dass er Cookies nur tempor\u00e4r zul\u00e4sst oder gar nicht speichert. Die n\u00f6tige Vorgangsweise dazu entnehmen sie der Dokumentation ihres benutzen Browsers. Wenn Cookies per Browsereinstellung deaktivieren, k\u00f6nnen eventuell manche Funktionen und Seiten nicht wie erwartet funktionieren. N\u00e4here Informationen zu Cookies zum Nachlesen: <a href=\"https:\/\/de.wikipedia.org\/wiki\/HTTP-Cookie\" target=\"_blank\" rel=\"noopener\">-&gt; Wikipedia Seite<\/a><\/div>\n<div><\/div>\n<h6><strong>Google Analytics<\/strong><\/h6>\n<p>Google Analytics wird zum Erfassen von Nutzungsstatistiken, demografischen Daten und Interessen von Benutzern und des Benutzerverhaltens auf Websites verwendet. Wir nutzen auch die Google Search Console, um zu verstehen, wie unsere Websiten-besucher unsere Website finden, und um unsere Suchmaschinenoptimierung zu verbessern. <a href=\"https:\/\/tools.google.com\/dlpage\/gaoptout\">Erhalten Sie weitere Informationen<\/a> zur m\u00f6glichen Verwendung dieser analytischen Daten, zum Kontrollieren der Nutzung Ihrer Informationen und zum Verweigern der Zustimmung der Datennutzung durch Google Analytics.<\/p>\n<p>&nbsp;<\/p>\n<h6><strong>Werbelinks zu anderen Seiten<\/strong><\/h6>\n<p>Auf meiner Seite befinden sich auch Links die zu Onlineshops oder Partnerseiten verlinken. Beim Anklicken werdet ihr zu den entsprechenden Webseiten weitergeleitet. Auch in diesem Fall werden KEINE pers\u00f6nlichen Daten weitergegeben!<\/p>\n<h6><strong>Rechte &amp; Pflichten<\/strong><\/h6>\n<p>Im Falle eventueller Probleme mit Inhalten auf der Seite www.horak-it.at bitte ich um Kontaktaufnahme<br \/>\nUnstimmigkeiten zum Beispiel wegen m\u00f6glicher Urheberrechtsverletzung oder L\u00f6schung von Kommentaren k\u00f6nnen wir sicher einvernehmlich und formlos l\u00f6sen!<br \/>\nDie Kostennote einer anwaltlichen Abmahnung wird daher im Sinne der Schadensminderungspflicht als unbegr\u00fcndet zur\u00fcckgewiesen, wenn ich nicht vorher \u00fcber meine unten stehende E-Mail-Adresse kontaktiert und auf eventuelle Missst\u00e4nde hingewiesen wurde!<\/p>\n<h6><strong>Kontakt<\/strong><\/h6>\n<p>HORAK-IT<br \/>\nMichael Horak<br \/>\nGumpling 34<br \/>\nA-5121 Ostermiehting<br \/>\nE-Mail: mike (@ die Domain lt. URL)<\/p>\n","protected":false},"excerpt":{"rendered":"<p>Cookies und \u00e4hnliche Technologien Ich nutze interne Cookies, um meine Webseite nutzerfreundlicher zu gestalten. Sie erkl\u00e4ren sich durch die Nutzung der Seite ausdr\u00fccklich, in die Setzung von Cookies einzuwilligen. Wenn Sie dies nicht w\u00fcnschen, k\u00f6nnen Sie Ihren Browser entweder so<\/p>\n","protected":false},"author":1,"featured_media":0,"parent":0,"menu_order":0,"comment_status":"closed","ping_status":"closed","template":"","meta":{"footnotes":""},"class_list":["post-68","page","type-page","status-publish","hentry"],"yoast_head":"<!-- This site is optimized with the Yoast SEO plugin v27.5 - https:\/\/yoast.com\/product\/yoast-seo-wordpress\/ -->\n<title>Datenschutzerkl\u00e4rung - HORAK-IT.at<\/title>\n<meta name=\"robots\" content=\"index, follow, max-snippet:-1, max-image-preview:large, max-video-preview:-1\" \/>\n<link rel=\"canonical\" href=\"https:\/\/www.horak-it.at\/index.php\/68-2\/\" \/>\n<meta property=\"og:locale\" content=\"de_DE\" \/>\n<meta property=\"og:type\" content=\"article\" \/>\n<meta property=\"og:title\" content=\"Datenschutzerkl\u00e4rung - HORAK-IT.at\" \/>\n<meta property=\"og:description\" content=\"Cookies und \u00e4hnliche Technologien Ich nutze interne Cookies, um meine Webseite nutzerfreundlicher zu gestalten. Sie erkl\u00e4ren sich durch die Nutzung der Seite ausdr\u00fccklich, in die Setzung von Cookies einzuwilligen. Wenn Sie dies nicht w\u00fcnschen, k\u00f6nnen Sie Ihren Browser entweder so\" \/>\n<meta property=\"og:url\" content=\"https:\/\/www.horak-it.at\/index.php\/68-2\/\" \/>\n<meta property=\"og:site_name\" content=\"HORAK-IT.at\" \/>\n<meta property=\"article:publisher\" content=\"https:\/\/www.facebook.com\/HorakIT\" \/>\n<meta property=\"article:modified_time\" content=\"2018-05-19T07:20:44+00:00\" \/>\n<meta name=\"twitter:card\" content=\"summary_large_image\" \/>\n<meta name=\"twitter:label1\" content=\"Gesch\u00e4tzte Lesezeit\" \/>\n\t<meta name=\"twitter:data1\" content=\"2\u00a0Minuten\" \/>\n<script type=\"application\/ld+json\" class=\"yoast-schema-graph\">{\"@context\":\"https:\\\/\\\/schema.org\",\"@graph\":[{\"@type\":\"WebPage\",\"@id\":\"https:\\\/\\\/www.horak-it.at\\\/index.php\\\/68-2\\\/\",\"url\":\"https:\\\/\\\/www.horak-it.at\\\/index.php\\\/68-2\\\/\",\"name\":\"Datenschutzerkl\u00e4rung - HORAK-IT.at\",\"isPartOf\":{\"@id\":\"https:\\\/\\\/www.horak-it.at\\\/#website\"},\"datePublished\":\"2018-05-19T07:20:16+00:00\",\"dateModified\":\"2018-05-19T07:20:44+00:00\",\"breadcrumb\":{\"@id\":\"https:\\\/\\\/www.horak-it.at\\\/index.php\\\/68-2\\\/#breadcrumb\"},\"inLanguage\":\"de\",\"potentialAction\":[{\"@type\":\"ReadAction\",\"target\":[\"https:\\\/\\\/www.horak-it.at\\\/index.php\\\/68-2\\\/\"]}]},{\"@type\":\"BreadcrumbList\",\"@id\":\"https:\\\/\\\/www.horak-it.at\\\/index.php\\\/68-2\\\/#breadcrumb\",\"itemListElement\":[{\"@type\":\"ListItem\",\"position\":1,\"name\":\"Startseite\",\"item\":\"https:\\\/\\\/www.horak-it.at\\\/\"},{\"@type\":\"ListItem\",\"position\":2,\"name\":\"Datenschutzerkl\u00e4rung\"}]},{\"@type\":\"WebSite\",\"@id\":\"https:\\\/\\\/www.horak-it.at\\\/#website\",\"url\":\"https:\\\/\\\/www.horak-it.at\\\/\",\"name\":\"HORAK-IT.at\",\"description\":\"Weil EDV kein \u00c4rgernis sein muss \u2013 sondern ein Werkzeug, das einfach funktioniert.\",\"publisher\":{\"@id\":\"https:\\\/\\\/www.horak-it.at\\\/#organization\"},\"potentialAction\":[{\"@type\":\"SearchAction\",\"target\":{\"@type\":\"EntryPoint\",\"urlTemplate\":\"https:\\\/\\\/www.horak-it.at\\\/?s={search_term_string}\"},\"query-input\":{\"@type\":\"PropertyValueSpecification\",\"valueRequired\":true,\"valueName\":\"search_term_string\"}}],\"inLanguage\":\"de\"},{\"@type\":\"Organization\",\"@id\":\"https:\\\/\\\/www.horak-it.at\\\/#organization\",\"name\":\"HORAK-IT\",\"url\":\"https:\\\/\\\/www.horak-it.at\\\/\",\"logo\":{\"@type\":\"ImageObject\",\"inLanguage\":\"de\",\"@id\":\"https:\\\/\\\/www.horak-it.at\\\/#\\\/schema\\\/logo\\\/image\\\/\",\"url\":\"https:\\\/\\\/www.horak-it.at\\\/wp-content\\\/uploads\\\/2018\\\/02\\\/cropped-Horak-IT-Icon-500px_V2.png\",\"contentUrl\":\"https:\\\/\\\/www.horak-it.at\\\/wp-content\\\/uploads\\\/2018\\\/02\\\/cropped-Horak-IT-Icon-500px_V2.png\",\"width\":516,\"height\":452,\"caption\":\"HORAK-IT\"},\"image\":{\"@id\":\"https:\\\/\\\/www.horak-it.at\\\/#\\\/schema\\\/logo\\\/image\\\/\"},\"sameAs\":[\"https:\\\/\\\/www.facebook.com\\\/HorakIT\"]}]}<\/script>\n<!-- \/ Yoast SEO plugin. -->","yoast_head_json":{"title":"Datenschutzerkl\u00e4rung - HORAK-IT.at","robots":{"index":"index","follow":"follow","max-snippet":"max-snippet:-1","max-image-preview":"max-image-preview:large","max-video-preview":"max-video-preview:-1"},"canonical":"https:\/\/www.horak-it.at\/index.php\/68-2\/","og_locale":"de_DE","og_type":"article","og_title":"Datenschutzerkl\u00e4rung - HORAK-IT.at","og_description":"Cookies und \u00e4hnliche Technologien Ich nutze interne Cookies, um meine Webseite nutzerfreundlicher zu gestalten. Sie erkl\u00e4ren sich durch die Nutzung der Seite ausdr\u00fccklich, in die Setzung von Cookies einzuwilligen. Wenn Sie dies nicht w\u00fcnschen, k\u00f6nnen Sie Ihren Browser entweder so","og_url":"https:\/\/www.horak-it.at\/index.php\/68-2\/","og_site_name":"HORAK-IT.at","article_publisher":"https:\/\/www.facebook.com\/HorakIT","article_modified_time":"2018-05-19T07:20:44+00:00","twitter_card":"summary_large_image","twitter_misc":{"Gesch\u00e4tzte Lesezeit":"2\u00a0Minuten"},"schema":{"@context":"https:\/\/schema.org","@graph":[{"@type":"WebPage","@id":"https:\/\/www.horak-it.at\/index.php\/68-2\/","url":"https:\/\/www.horak-it.at\/index.php\/68-2\/","name":"Datenschutzerkl\u00e4rung - HORAK-IT.at","isPartOf":{"@id":"https:\/\/www.horak-it.at\/#website"},"datePublished":"2018-05-19T07:20:16+00:00","dateModified":"2018-05-19T07:20:44+00:00","breadcrumb":{"@id":"https:\/\/www.horak-it.at\/index.php\/68-2\/#breadcrumb"},"inLanguage":"de","potentialAction":[{"@type":"ReadAction","target":["https:\/\/www.horak-it.at\/index.php\/68-2\/"]}]},{"@type":"BreadcrumbList","@id":"https:\/\/www.horak-it.at\/index.php\/68-2\/#breadcrumb","itemListElement":[{"@type":"ListItem","position":1,"name":"Startseite","item":"https:\/\/www.horak-it.at\/"},{"@type":"ListItem","position":2,"name":"Datenschutzerkl\u00e4rung"}]},{"@type":"WebSite","@id":"https:\/\/www.horak-it.at\/#website","url":"https:\/\/www.horak-it.at\/","name":"HORAK-IT.at","description":"Weil EDV kein \u00c4rgernis sein muss \u2013 sondern ein Werkzeug, das einfach funktioniert.","publisher":{"@id":"https:\/\/www.horak-it.at\/#organization"},"potentialAction":[{"@type":"SearchAction","target":{"@type":"EntryPoint","urlTemplate":"https:\/\/www.horak-it.at\/?s={search_term_string}"},"query-input":{"@type":"PropertyValueSpecification","valueRequired":true,"valueName":"search_term_string"}}],"inLanguage":"de"},{"@type":"Organization","@id":"https:\/\/www.horak-it.at\/#organization","name":"HORAK-IT","url":"https:\/\/www.horak-it.at\/","logo":{"@type":"ImageObject","inLanguage":"de","@id":"https:\/\/www.horak-it.at\/#\/schema\/logo\/image\/","url":"https:\/\/www.horak-it.at\/wp-content\/uploads\/2018\/02\/cropped-Horak-IT-Icon-500px_V2.png","contentUrl":"https:\/\/www.horak-it.at\/wp-content\/uploads\/2018\/02\/cropped-Horak-IT-Icon-500px_V2.png","width":516,"height":452,"caption":"HORAK-IT"},"image":{"@id":"https:\/\/www.horak-it.at\/#\/schema\/logo\/image\/"},"sameAs":["https:\/\/www.facebook.com\/HorakIT"]}]}},"jetpack_sharing_enabled":true,"jetpack_shortlink":"https:\/\/wp.me\/P9n7Cg-16","_links":{"self":[{"href":"https:\/\/www.horak-it.at\/index.php\/wp-json\/wp\/v2\/pages\/68","targetHints":{"allow":["GET"]}}],"collection":[{"href":"https:\/\/www.horak-it.at\/index.php\/wp-json\/wp\/v2\/pages"}],"about":[{"href":"https:\/\/www.horak-it.at\/index.php\/wp-json\/wp\/v2\/types\/page"}],"author":[{"embeddable":true,"href":"https:\/\/www.horak-it.at\/index.php\/wp-json\/wp\/v2\/users\/1"}],"replies":[{"embeddable":true,"href":"https:\/\/www.horak-it.at\/index.php\/wp-json\/wp\/v2\/comments?post=68"}],"version-history":[{"count":2,"href":"https:\/\/www.horak-it.at\/index.php\/wp-json\/wp\/v2\/pages\/68\/revisions"}],"predecessor-version":[{"id":71,"href":"https:\/\/www.horak-it.at\/index.php\/wp-json\/wp\/v2\/pages\/68\/revisions\/71"}],"wp:attachment":[{"href":"https:\/\/www.horak-it.at\/index.php\/wp-json\/wp\/v2\/media?parent=68"}],"curies":[{"name":"wp","href":"https:\/\/api.w.org\/{rel}","templated":true}]}}